[INFO] cloning repository https://github.com/patnaikshekhar/TeamsNotificationController
[INFO] running `Command { std: "git" "-c" "credential.helper=" "-c" "credential.helper=/workspace/cargo-home/bin/git-credential-null" "clone" "--bare" "https://github.com/patnaikshekhar/TeamsNotificationController" "/workspace/cache/git-repos/https%3A%2F%2Fgithub.com%2Fpatnaikshekhar%2FTeamsNotificationController", kill_on_drop: false }`
[INFO] [stderr] Cloning into bare repository '/workspace/cache/git-repos/https%3A%2F%2Fgithub.com%2Fpatnaikshekhar%2FTeamsNotificationController'...
[INFO] running `Command { std: "git" "rev-parse" "HEAD", kill_on_drop: false }`
[INFO] [stdout] 94c7b8e030fce38a3b3a1c9d5c59d7163117ae94
[INFO] checking patnaikshekhar/TeamsNotificationController against try#72f88fc4e9458f89516a0b8b0868f3718aec5b47 for pr-74989
[INFO] running `Command { std: "git" "clone" "/workspace/cache/git-repos/https%3A%2F%2Fgithub.com%2Fpatnaikshekhar%2FTeamsNotificationController" "/workspace/builds/worker-8/source", kill_on_drop: false }`
[INFO] [stderr] Cloning into '/workspace/builds/worker-8/source'...
[INFO] [stderr] done.
[INFO] validating manifest of git repo https://github.com/patnaikshekhar/TeamsNotificationController on toolchain 72f88fc4e9458f89516a0b8b0868f3718aec5b47
[INFO] running `Command { std: "/workspace/cargo-home/bin/cargo" "+72f88fc4e9458f89516a0b8b0868f3718aec5b47" "read-manifest" "--manifest-path" "Cargo.toml", kill_on_drop: false }`
[INFO] started tweaking git repo https://github.com/patnaikshekhar/TeamsNotificationController
[INFO] finished tweaking git repo https://github.com/patnaikshekhar/TeamsNotificationController
[INFO] tweaked toml for git repo https://github.com/patnaikshekhar/TeamsNotificationController written to /workspace/builds/worker-8/source/Cargo.toml
[INFO] crate git repo https://github.com/patnaikshekhar/TeamsNotificationController already has a lockfile, it will not be regenerated
[INFO] running `Command { std: "/workspace/cargo-home/bin/cargo" "+72f88fc4e9458f89516a0b8b0868f3718aec5b47" "fetch" "--locked" "--manifest-path" "Cargo.toml", kill_on_drop: false }`
[INFO] [stderr]     Blocking waiting for file lock on package cache
[INFO] [stderr]  Downloading crates ...
[INFO] [stderr]   Downloaded ordered-float v2.0.0
[INFO] [stderr]   Downloaded wasm-bindgen-backend v0.2.65
[INFO] [stderr]   Downloaded dashmap v3.11.7
[INFO] [stderr]   Downloaded kube v0.38.0
[INFO] [stderr]   Downloaded snafu-derive v0.6.8
[INFO] [stderr]   Downloaded wasm-bindgen-macro v0.2.65
[INFO] [stderr]   Downloaded js-sys v0.3.42
[INFO] [stderr]   Downloaded wasm-bindgen-macro-support v0.2.65
[INFO] [stderr]   Downloaded wasm-bindgen v0.2.65
[INFO] [stderr]   Downloaded pem v0.8.1
[INFO] [stderr]   Downloaded async-compression v0.3.5
[INFO] [stderr]   Downloaded snafu v0.6.8
[INFO] [stderr]   Downloaded web-sys v0.3.42
[INFO] [stderr]   Downloaded wasm-bindgen-futures v0.4.15
[INFO] [stderr]   Downloaded wasm-bindgen-shared v0.2.65
[INFO] [stderr]   Downloaded serde-value v0.7.0
[INFO] [stderr]   Downloaded kube-derive v0.38.0
[INFO] [stderr]   Downloaded kube-runtime v0.38.0
[INFO] [stderr]   Downloaded k8s-openapi v0.9.0
[INFO] running `Command { std: "docker" "create" "-v" "/var/lib/crater-agent-workspace/builds/worker-8/target:/opt/rustwide/target:rw,Z" "-v" "/var/lib/crater-agent-workspace/builds/worker-8/source:/opt/rustwide/workdir:ro,Z" "-v" "/var/lib/crater-agent-workspace/cargo-home:/opt/rustwide/cargo-home:ro,Z" "-v" "/var/lib/crater-agent-workspace/rustup-home:/opt/rustwide/rustup-home:ro,Z" "-e" "SOURCE_DIR=/opt/rustwide/workdir" "-e" "CARGO_TARGET_DIR=/opt/rustwide/target" "-e" "CARGO_HOME=/opt/rustwide/cargo-home" "-e" "RUSTUP_HOME=/opt/rustwide/rustup-home" "-w" "/opt/rustwide/workdir" "-m" "1610612736" "--user" "0:0" "--network" "none" "rustops/crates-build-env@sha256:d92eaeed33fa75130ca1ee6c8a01d1ffb62bac859dfdfb3450e3e5d1c0146529" "/opt/rustwide/cargo-home/bin/cargo" "+72f88fc4e9458f89516a0b8b0868f3718aec5b47" "metadata" "--no-deps" "--format-version=1", kill_on_drop: false }`
[INFO] [stdout] f4f4ea5863dae6e840f1c9a19c9bb2e7ea3e029d7074525e2d845d939ec9481c
[INFO] [stderr] WARNING: Your kernel does not support swap limit capabilities or the cgroup is not mounted. Memory limited without swap.
[INFO] running `Command { std: "docker" "start" "-a" "f4f4ea5863dae6e840f1c9a19c9bb2e7ea3e029d7074525e2d845d939ec9481c", kill_on_drop: false }`
[INFO] running `Command { std: "docker" "inspect" "f4f4ea5863dae6e840f1c9a19c9bb2e7ea3e029d7074525e2d845d939ec9481c", kill_on_drop: false }`
[INFO] running `Command { std: "docker" "rm" "-f" "f4f4ea5863dae6e840f1c9a19c9bb2e7ea3e029d7074525e2d845d939ec9481c", kill_on_drop: false }`
[INFO] [stdout] f4f4ea5863dae6e840f1c9a19c9bb2e7ea3e029d7074525e2d845d939ec9481c
[INFO] running `Command { std: "docker" "create" "-v" "/var/lib/crater-agent-workspace/builds/worker-8/target:/opt/rustwide/target:rw,Z" "-v" "/var/lib/crater-agent-workspace/builds/worker-8/source:/opt/rustwide/workdir:ro,Z" "-v" "/var/lib/crater-agent-workspace/cargo-home:/opt/rustwide/cargo-home:ro,Z" "-v" "/var/lib/crater-agent-workspace/rustup-home:/opt/rustwide/rustup-home:ro,Z" "-e" "SOURCE_DIR=/opt/rustwide/workdir" "-e" "CARGO_TARGET_DIR=/opt/rustwide/target" "-e" "CARGO_INCREMENTAL=0" "-e" "RUST_BACKTRACE=full" "-e" "RUSTFLAGS=--cap-lints=forbid" "-e" "CARGO_HOME=/opt/rustwide/cargo-home" "-e" "RUSTUP_HOME=/opt/rustwide/rustup-home" "-w" "/opt/rustwide/workdir" "-m" "1610612736" "--user" "0:0" "--network" "none" "rustops/crates-build-env@sha256:d92eaeed33fa75130ca1ee6c8a01d1ffb62bac859dfdfb3450e3e5d1c0146529" "/opt/rustwide/cargo-home/bin/cargo" "+72f88fc4e9458f89516a0b8b0868f3718aec5b47" "check" "--frozen" "--all" "--all-targets" "--message-format=json", kill_on_drop: false }`
[INFO] [stdout] c340a79f72ede13f4fdc28af4257923f90051f64a8de6e7fc37d75928423fec3
[INFO] [stderr] WARNING: Your kernel does not support swap limit capabilities or the cgroup is not mounted. Memory limited without swap.
[INFO] running `Command { std: "docker" "start" "-a" "c340a79f72ede13f4fdc28af4257923f90051f64a8de6e7fc37d75928423fec3", kill_on_drop: false }`
[INFO] [stderr]    Compiling syn v1.0.35
[INFO] [stderr]    Compiling memchr v2.3.3
[INFO] [stderr]    Compiling version_check v0.9.2
[INFO] [stderr]    Compiling log v0.4.11
[INFO] [stderr]     Checking slab v0.4.2
[INFO] [stderr]     Checking fnv v1.0.7
[INFO] [stderr]    Compiling pkg-config v0.3.18
[INFO] [stderr]     Checking itoa v0.4.6
[INFO] [stderr]     Checking once_cell v1.4.0
[INFO] [stderr]    Compiling ryu v1.0.5
[INFO] [stderr]     Checking matches v0.1.8
[INFO] [stderr]     Checking foreign-types-shared v0.1.1
[INFO] [stderr]    Compiling openssl v0.10.30
[INFO] [stderr]    Compiling getrandom v0.1.14
[INFO] [stderr]    Compiling crc32fast v1.2.0
[INFO] [stderr]    Compiling native-tls v0.2.4
[INFO] [stderr]    Compiling httparse v1.3.4
[INFO] [stderr]     Checking adler v0.2.3
[INFO] [stderr]     Checking openssl-probe v0.1.2
[INFO] [stderr]     Checking try-lock v0.2.3
[INFO] [stderr]     Checking percent-encoding v2.1.0
[INFO] [stderr]     Checking regex-syntax v0.6.18
[INFO] [stderr]     Checking tower-service v0.3.0
[INFO] [stderr]     Checking dtoa v0.4.6
[INFO] [stderr]    Compiling k8s-openapi v0.9.0
[INFO] [stderr]    Compiling doc-comment v0.3.3
[INFO] [stderr]     Checking mime v0.3.16
[INFO] [stderr]     Checking quick-error v1.2.3
[INFO] [stderr]    Compiling anyhow v1.0.31
[INFO] [stderr]     Checking termcolor v1.1.0
[INFO] [stderr]     Checking ansi_term v0.11.0
[INFO] [stderr]    Compiling num-traits v0.2.12
[INFO] [stderr]    Compiling hashbrown v0.8.1
[INFO] [stderr]    Compiling indexmap v1.5.0
[INFO] [stderr]     Checking tracing-core v0.1.11
[INFO] [stderr]    Compiling num-integer v0.1.43
[INFO] [stderr]     Checking foreign-types v0.3.2
[INFO] [stderr]     Checking unicode-bidi v0.3.4
[INFO] [stderr]     Checking http v0.2.1
[INFO] [stderr]     Checking futures-task v0.3.5
[INFO] [stderr]     Checking miniz_oxide v0.4.0
[INFO] [stderr]    Compiling thread_local v1.0.1
[INFO] [stderr]    Compiling proc-macro2 v1.0.19
[INFO] [stderr]    Compiling libc v0.2.73
[INFO] [stderr]     Checking humantime v1.3.0
[INFO] [stderr]    Compiling unicase v2.6.0
[INFO] [stderr]    Compiling standback v0.2.9
[INFO] [stderr]    Compiling time v0.2.16
[INFO] [stderr]     Checking encoding_rs v0.8.23
[INFO] [stderr]     Checking net2 v0.2.34
[INFO] [stderr]     Checking signal-hook-registry v1.2.0
[INFO] [stderr]     Checking socket2 v0.3.12
[INFO] [stderr]     Checking dirs-sys v0.3.5
[INFO] [stderr]     Checking atty v0.2.14
[INFO] [stderr]     Checking idna v0.2.0
[INFO] [stderr]    Compiling aho-corasick v0.7.13
[INFO] [stderr]    Compiling openssl-sys v0.9.58
[INFO] [stderr]     Checking tracing v0.1.17
[INFO] [stderr]     Checking want v0.3.0
[INFO] [stderr]     Checking clap v2.33.1
[INFO] [stderr]     Checking dirs v3.0.1
[INFO] [stderr]     Checking flate2 v1.0.16
[INFO] [stderr]    Compiling quote v1.0.7
[INFO] [stderr]     Checking mio v0.6.22
[INFO] [stderr]     Checking url v2.1.1
[INFO] [stderr]    Compiling mime_guess v2.0.3
[INFO] [stderr]     Checking async-compression v0.3.5
[INFO] [stderr]    Compiling const-random-macro v0.1.8
[INFO] [stderr]     Checking mio-uds v0.6.8
[INFO] [stderr]     Checking ordered-float v2.0.0
[INFO] [stderr]     Checking regex v1.3.9
[INFO] [stderr]     Checking http-body v0.3.1
[INFO] [stderr]     Checking const-random v0.1.8
[INFO] [stderr]     Checking ahash v0.3.8
[INFO] [stderr]     Checking dashmap v3.11.7
[INFO] [stderr]     Checking Inflector v0.11.4
[INFO] [stderr]     Checking pem v0.8.1
[INFO] [stderr]     Checking env_logger v0.7.1
[INFO] [stderr]    Compiling serde_derive v1.0.114
[INFO] [stderr]    Compiling pin-project-internal v0.4.22
[INFO] [stderr]    Compiling futures-macro v0.3.5
[INFO] [stderr]    Compiling tokio-macros v0.2.5
[INFO] [stderr]    Compiling time-macros-impl v0.1.1
[INFO] [stderr]    Compiling thiserror-impl v1.0.20
[INFO] [stderr]    Compiling snafu-derive v0.6.8
[INFO] [stderr]    Compiling derivative v2.1.1
[INFO] [stderr]     Checking time-macros v0.1.0
[INFO] [stderr]     Checking tokio v0.2.22
[INFO] [stderr]     Checking thiserror v1.0.20
[INFO] [stderr]     Checking pin-project v0.4.22
[INFO] [stderr]     Checking futures-util v0.3.5
[INFO] [stderr]     Checking snafu v0.6.8
[INFO] [stderr]     Checking tokio-util v0.3.1
[INFO] [stderr]     Checking tokio-tls v0.3.1
[INFO] [stderr]     Checking serde v1.0.114
[INFO] [stderr]     Checking h2 v0.2.6
[INFO] [stderr]     Checking futures-executor v0.3.5
[INFO] [stderr]     Checking futures v0.3.5
[INFO] [stderr]     Checking serde_json v1.0.56
[INFO] [stderr]     Checking serde_urlencoded v0.6.1
[INFO] [stderr]     Checking chrono v0.4.13
[INFO] [stderr]     Checking serde-value v0.7.0
[INFO] [stderr]     Checking serde_yaml v0.8.13
[INFO] [stderr]     Checking hyper v0.13.7
[INFO] [stderr]    Compiling kube-derive v0.38.0
[INFO] [stderr]     Checking hyper-tls v0.4.3
[INFO] [stderr]     Checking reqwest v0.10.6
[INFO] [stderr]     Checking kube v0.38.0
[INFO] [stderr]     Checking kube-runtime v0.38.0
[INFO] [stderr]     Checking teams_notification_controller v0.1.0 (/opt/rustwide/workdir)
[INFO] [stdout] error: incorrect use of `await`
[INFO] [stdout]   --> src/teams.rs:16:53
[INFO] [stdout]    |
[INFO] [stdout] 16 |     let resp = Client::new().json(&msg).send().await()?.json().await()?;
[INFO] [stdout]    |                                                     ^^ help: `await` is not a method call, remove the parentheses
[INFO] [stdout] 
[INFO] [stdout] 
[INFO] [stdout] error: incorrect use of `await`
[INFO] [stdout]   --> src/teams.rs:16:69
[INFO] [stdout]    |
[INFO] [stdout] 16 |     let resp = Client::new().json(&msg).send().await()?.json().await()?;
[INFO] [stdout]    |                                                                     ^^ help: `await` is not a method call, remove the parentheses
[INFO] [stdout] 
[INFO] [stdout] 
[INFO] [stdout] error: incorrect use of `await`
[INFO] [stdout]   --> src/teams.rs:16:53
[INFO] [stdout]    |
[INFO] [stdout] 16 |     let resp = Client::new().json(&msg).send().await()?.json().await()?;
[INFO] [stdout]    |                                                     ^^ help: `await` is not a method call, remove the parentheses
[INFO] [stdout] 
[INFO] [stdout] 
[INFO] [stdout] error: incorrect use of `await`
[INFO] [stdout]   --> src/teams.rs:16:69
[INFO] [stdout]    |
[INFO] [stdout] 16 |     let resp = Client::new().json(&msg).send().await()?.json().await()?;
[INFO] [stdout]    |                                                                     ^^ help: `await` is not a method call, remove the parentheses
[INFO] [stdout] 
[INFO] [stdout] 
[INFO] [stdout] error: cannot find attribute `serde` in this scope
[INFO] [stdout]   --> src/teams.rs:33:7
[INFO] [stdout]    |
[INFO] [stdout] 33 |     #[serde(rename = "activityTitle")]
[INFO] [stdout]    |       ^^^^^
[INFO] [stdout] 
[INFO] [stdout] 
[INFO] [stdout] error: cannot find attribute `serde` in this scope
[INFO] [stdout]   --> src/teams.rs:35:7
[INFO] [stdout]    |
[INFO] [stdout] 35 |     #[serde(rename = "activitySubtitle")]
[INFO] [stdout]    |       ^^^^^
[INFO] [stdout] 
[INFO] [stdout] 
[INFO] [stdout] error: cannot find attribute `serde` in this scope
[INFO] [stdout]   --> src/teams.rs:37:7
[INFO] [stdout]    |
[INFO] [stdout] 37 |     #[serde(rename = "activityImage")]
[INFO] [stdout]    |       ^^^^^
[INFO] [stdout] 
[INFO] [stdout] 
[INFO] [stdout] error: cannot find attribute `serde` in this scope
[INFO] [stdout]   --> src/teams.rs:33:7
[INFO] [stdout]    |
[INFO] [stdout] 33 |     #[serde(rename = "activityTitle")]
[INFO] [stdout]    |       ^^^^^
[INFO] [stdout] 
[INFO] [stdout] 
[INFO] [stdout] error: cannot find attribute `serde` in this scope
[INFO] [stdout]   --> src/teams.rs:35:7
[INFO] [stdout]    |
[INFO] [stdout] 35 |     #[serde(rename = "activitySubtitle")]
[INFO] [stdout]    |       ^^^^^
[INFO] [stdout] 
[INFO] [stdout] 
[INFO] [stdout] error[E0425]: cannot find value `url` in this scope
[INFO] [stdout]   --> src/kubernetes.rs:58:18
[INFO] [stdout]    |
[INFO] [stdout] 58 |     send_message(url, event);
[INFO] [stdout]    |                  ^^^ not found in this scope
[INFO] [stdout] 
[INFO] [stdout] 
[INFO] [stdout] error: cannot find attribute `serde` in this scope
[INFO] [stdout]   --> src/teams.rs:37:7
[INFO] [stdout]    |
[INFO] [stdout] 37 |     #[serde(rename = "activityImage")]
[INFO] [stdout]    |       ^^^^^
[INFO] [stdout] 
[INFO] [stdout] 
[INFO] [stdout] error[E0728]: `await` is only allowed inside `async` functions and blocks
[INFO] [stdout]   --> src/teams.rs:16:16
[INFO] [stdout]    |
[INFO] [stdout] 14 | pub fn send_message(url: &str, event: Event) {
[INFO] [stdout]    |        ------------ this is not `async`
[INFO] [stdout] 15 |     let msg = format_message(event);
[INFO] [stdout] 16 |     let resp = Client::new().json(&msg).send().await()?.json().await()?;
[INFO] [stdout]    |                ^^^^^^^^^^^^^^^^^^^^^^^^^^^^^^^^^^^^^^^^^^^^^^^^^^^^^ only allowed inside `async` functions and blocks
[INFO] [stdout] 
[INFO] [stdout] 
[INFO] [stdout] error[E0728]: `await` is only allowed inside `async` functions and blocks
[INFO] [stdout]   --> src/teams.rs:16:16
[INFO] [stdout]    |
[INFO] [stdout] 14 | pub fn send_message(url: &str, event: Event) {
[INFO] [stdout]    |        ------------ this is not `async`
[INFO] [stdout] 15 |     let msg = format_message(event);
[INFO] [stdout] 16 |     let resp = Client::new().json(&msg).send().await()?.json().await()?;
[INFO] [stdout]    |                ^^^^^^^^^^^^^^^^^^^^^^^^^^^^^^^^^^^^^ only allowed inside `async` functions and blocks
[INFO] [stdout] 
[INFO] [stdout] 
[INFO] [stdout] error[E0425]: cannot find value `url` in this scope
[INFO] [stdout]   --> src/kubernetes.rs:58:18
[INFO] [stdout]    |
[INFO] [stdout] 58 |     send_message(url, event);
[INFO] [stdout]    |                  ^^^ not found in this scope
[INFO] [stdout] 
[INFO] [stdout] 
[INFO] [stdout] error[E0728]: `await` is only allowed inside `async` functions and blocks
[INFO] [stdout]   --> src/teams.rs:16:16
[INFO] [stdout]    |
[INFO] [stdout] 14 | pub fn send_message(url: &str, event: Event) {
[INFO] [stdout]    |        ------------ this is not `async`
[INFO] [stdout] 15 |     let msg = format_message(event);
[INFO] [stdout] 16 |     let resp = Client::new().json(&msg).send().await()?.json().await()?;
[INFO] [stdout]    |                ^^^^^^^^^^^^^^^^^^^^^^^^^^^^^^^^^^^^^^^^^^^^^^^^^^^^^ only allowed inside `async` functions and blocks
[INFO] [stdout] 
[INFO] [stdout] 
[INFO] [stdout] error[E0728]: `await` is only allowed inside `async` functions and blocks
[INFO] [stdout]   --> src/teams.rs:16:16
[INFO] [stdout]    |
[INFO] [stdout] 14 | pub fn send_message(url: &str, event: Event) {
[INFO] [stdout]    |        ------------ this is not `async`
[INFO] [stdout] 15 |     let msg = format_message(event);
[INFO] [stdout] 16 |     let resp = Client::new().json(&msg).send().await()?.json().await()?;
[INFO] [stdout]    |                ^^^^^^^^^^^^^^^^^^^^^^^^^^^^^^^^^^^^^ only allowed inside `async` functions and blocks
[INFO] [stdout] 
[INFO] [stdout] 
[INFO] [stdout] error[E0063]: missing field `url` in initializer of `MainContext`
[INFO] [stdout]   --> src/kubernetes.rs:30:32
[INFO] [stdout]    |
[INFO] [stdout] 30 |         let ctx = Context::new(MainContext {
[INFO] [stdout]    |                                ^^^^^^^^^^^ missing `url`
[INFO] [stdout] 
[INFO] [stdout] 
[INFO] [stdout] error[E0063]: missing field `url` in initializer of `MainContext`
[INFO] [stdout]   --> src/kubernetes.rs:30:32
[INFO] [stdout]    |
[INFO] [stdout] 30 |         let ctx = Context::new(MainContext {
[INFO] [stdout]    |                                ^^^^^^^^^^^ missing `url`
[INFO] [stdout] 
[INFO] [stdout] 
[INFO] [stdout] error[E0308]: mismatched types
[INFO] [stdout]   --> src/main.rs:12:39
[INFO] [stdout]    |
[INFO] [stdout] 12 |     let kube_client = KubeClient::new("https://test").await?;
[INFO] [stdout]    |                                       ^^^^^^^^^^^^^^
[INFO] [stdout]    |                                       |
[INFO] [stdout]    |                                       expected struct `std::string::String`, found `&str`
[INFO] [stdout]    |                                       help: try using a conversion method: `"https://test".to_string()`
[INFO] [stdout] 
[INFO] [stdout] 
[INFO] [stdout] error[E0308]: mismatched types
[INFO] [stdout]  --> src/teams.rs:7:23
[INFO] [stdout]   |
[INFO] [stdout] 7 |         message_type: "MessageCard",
[INFO] [stdout]   |                       ^^^^^^^^^^^^^
[INFO] [stdout]   |                       |
[INFO] [stdout]   |                       expected struct `std::string::String`, found `&str`
[INFO] [stdout]   |                       help: try using a conversion method: `"MessageCard".to_string()`
[INFO] [stdout] 
[INFO] [stdout] 
[INFO] [stdout] error[E0308]: mismatched types
[INFO] [stdout]   --> src/main.rs:12:39
[INFO] [stdout]    |
[INFO] [stdout] 12 |     let kube_client = KubeClient::new("https://test").await?;
[INFO] [stdout]    |                                       ^^^^^^^^^^^^^^
[INFO] [stdout]    |                                       |
[INFO] [stdout]    |                                       expected struct `std::string::String`, found `&str`
[INFO] [stdout]    |                                       help: try using a conversion method: `"https://test".to_string()`
[INFO] [stdout] 
[INFO] [stdout] 
[INFO] [stdout] error[E0308]: mismatched types
[INFO] [stdout]  --> src/teams.rs:8:18
[INFO] [stdout]   |
[INFO] [stdout] 8 |         context: "http://schema.org/extensions",
[INFO] [stdout]   |                  ^^^^^^^^^^^^^^^^^^^^^^^^^^^^^^
[INFO] [stdout]   |                  |
[INFO] [stdout]   |                  expected struct `std::string::String`, found `&str`
[INFO] [stdout]   |                  help: try using a conversion method: `"http://schema.org/extensions".to_string()`
[INFO] [stdout] 
[INFO] [stdout] 
[INFO] [stdout] error[E0308]: mismatched types
[INFO] [stdout]  --> src/teams.rs:7:23
[INFO] [stdout]   |
[INFO] [stdout] 7 |         message_type: "MessageCard",
[INFO] [stdout]   |                       ^^^^^^^^^^^^^
[INFO] [stdout]   |                       |
[INFO] [stdout]   |                       expected struct `std::string::String`, found `&str`
[INFO] [stdout]   |                       help: try using a conversion method: `"MessageCard".to_string()`
[INFO] [stdout] 
[INFO] [stdout] 
[INFO] [stdout] error[E0308]: mismatched types
[INFO] [stdout]  --> src/teams.rs:9:22
[INFO] [stdout]   |
[INFO] [stdout] 9 |         theme_color: "0076D7",
[INFO] [stdout]   |                      ^^^^^^^^
[INFO] [stdout]   |                      |
[INFO] [stdout]   |                      expected struct `std::string::String`, found `&str`
[INFO] [stdout]   |                      help: try using a conversion method: `"0076D7".to_string()`
[INFO] [stdout] 
[INFO] [stdout] 
[INFO] [stdout] error[E0308]: mismatched types
[INFO] [stdout]   --> src/teams.rs:10:18
[INFO] [stdout]    |
[INFO] [stdout] 10 |         summary: event,
[INFO] [stdout]    |                  ^^^^^ expected struct `std::string::String`, found struct `k8s_openapi::api::core::v1::Event`
[INFO] [stdout] 
[INFO] [stdout] 
[INFO] [stdout] error[E0063]: missing field `sections` in initializer of `TeamsMessage`
[INFO] [stdout]  --> src/teams.rs:6:5
[INFO] [stdout]   |
[INFO] [stdout] 6 |     TeamsMessage {
[INFO] [stdout]   |     ^^^^^^^^^^^^ missing `sections`
[INFO] [stdout] 
[INFO] [stdout] 
[INFO] [stdout] error[E0599]: no method named `json` found for struct `reqwest::Client` in the current scope
[INFO] [stdout]   --> src/teams.rs:16:30
[INFO] [stdout]    |
[INFO] [stdout] 16 |     let resp = Client::new().json(&msg).send().await()?.json().await()?;
[INFO] [stdout]    |                              ^^^^ method not found in `reqwest::Client`
[INFO] [stdout] 
[INFO] [stdout] 
[INFO] [stdout] error[E0277]: the `?` operator can only be used in a function that returns `Result` or `Option` (or another type that implements `Try`)
[INFO] [stdout]   --> src/teams.rs:16:16
[INFO] [stdout]    |
[INFO] [stdout] 14 | / pub fn send_message(url: &str, event: Event) {
[INFO] [stdout] 15 | |     let msg = format_message(event);
[INFO] [stdout] 16 | |     let resp = Client::new().json(&msg).send().await()?.json().await()?;
[INFO] [stdout]    | |                ^^^^^^^^^^^^^^^^^^^^^^^^^^^^^^^^^^^^^^^^ cannot use the `?` operator in a function that returns `()`
[INFO] [stdout] 17 | |     todo!()
[INFO] [stdout] 18 | | }
[INFO] [stdout]    | |_- this function should return `Result` or `Option` to accept `?`
[INFO] [stdout]    |
[INFO] [stdout]    = help: the trait `Try` is not implemented for `()`
[INFO] [stdout]    = note: required by `from_error`
[INFO] [stdout] 
[INFO] [stdout] 
[INFO] [stdout] error[E0277]: the `?` operator can only be used in a function that returns `Result` or `Option` (or another type that implements `Try`)
[INFO] [stdout]   --> src/teams.rs:16:16
[INFO] [stdout]    |
[INFO] [stdout] 14 | / pub fn send_message(url: &str, event: Event) {
[INFO] [stdout] 15 | |     let msg = format_message(event);
[INFO] [stdout] 16 | |     let resp = Client::new().json(&msg).send().await()?.json().await()?;
[INFO] [stdout]    | |                ^^^^^^^^^^^^^^^^^^^^^^^^^^^^^^^^^^^^^^^^^^^^^^^^^^^^^^^^ cannot use the `?` operator in a function that returns `()`
[INFO] [stdout] 17 | |     todo!()
[INFO] [stdout] 18 | | }
[INFO] [stdout]    | |_- this function should return `Result` or `Option` to accept `?`
[INFO] [stdout]    |
[INFO] [stdout]    = help: the trait `Try` is not implemented for `()`
[INFO] [stdout]    = note: required by `from_error`
[INFO] [stdout] 
[INFO] [stdout] 
[INFO] [stdout] error[E0308]: mismatched types
[INFO] [stdout]  --> src/teams.rs:8:18
[INFO] [stdout]   |
[INFO] [stdout] 8 |         context: "http://schema.org/extensions",
[INFO] [stdout]   |                  ^^^^^^^^^^^^^^^^^^^^^^^^^^^^^^
[INFO] [stdout]   |                  |
[INFO] [stdout]   |                  expected struct `std::string::String`, found `&str`
[INFO] [stdout]   |                  help: try using a conversion method: `"http://schema.org/extensions".to_string()`
[INFO] [stdout] 
[INFO] [stdout] 
[INFO] [stdout] error[E0277]: the trait bound `TeamsMessageSection: Serialize` is not satisfied
[INFO] [stdout]   --> src/teams.rs:29:5
[INFO] [stdout]    |
[INFO] [stdout] 29 |     sections: Vec<TeamsMessageSection>,
[INFO] [stdout]    |     ^^^^^^^^^^^^^^^^^^^^^^^^^^^^^^^^^^ the trait `Serialize` is not implemented for `TeamsMessageSection`
[INFO] [stdout]    |
[INFO] [stdout]    = note: required because of the requirements on the impl of `Serialize` for `Vec<TeamsMessageSection>`
[INFO] [stdout]    = note: required by `teams::_::_serde::ser::SerializeStruct::serialize_field`
[INFO] [stdout] 
[INFO] [stdout] 
[INFO] [stdout] error[E0277]: the trait bound `TeamsMessageSection: Deserialize<'_>` is not satisfied
[INFO] [stdout]   --> src/teams.rs:29:5
[INFO] [stdout]    |
[INFO] [stdout] 29 |     sections: Vec<TeamsMessageSection>,
[INFO] [stdout]    |     ^^^^^^^^^^^^^^^^^^^^^^^^^^^^^^^^^^ the trait `Deserialize<'_>` is not implemented for `TeamsMessageSection`
[INFO] [stdout]    |
[INFO] [stdout]    = note: required because of the requirements on the impl of `Deserialize<'_>` for `Vec<TeamsMessageSection>`
[INFO] [stdout]    = note: required by `next_element`
[INFO] [stdout] 
[INFO] [stdout] 
[INFO] [stdout] error[E0277]: the trait bound `TeamsMessageSection: Deserialize<'_>` is not satisfied
[INFO] [stdout]   --> src/teams.rs:29:5
[INFO] [stdout]    |
[INFO] [stdout] 29 |     sections: Vec<TeamsMessageSection>,
[INFO] [stdout]    |     ^^^^^^^^^^^^^^^^^^^^^^^^^^^^^^^^^^ the trait `Deserialize<'_>` is not implemented for `TeamsMessageSection`
[INFO] [stdout]    |
[INFO] [stdout]    = note: required because of the requirements on the impl of `Deserialize<'_>` for `Vec<TeamsMessageSection>`
[INFO] [stdout]    = note: required by `next_value`
[INFO] [stdout] 
[INFO] [stdout] 
[INFO] [stdout] error: aborting due to 21 previous errors
[INFO] [stdout] 
[INFO] [stdout] 
[INFO] [stdout] Some errors have detailed explanations: E0063, E0277, E0308, E0425, E0599, E0728.
[INFO] [stdout] 
[INFO] [stdout] For more information about an error, try `rustc --explain E0063`.
[INFO] [stdout] 
[INFO] [stderr] error: could not compile `teams_notification_controller`.
[INFO] [stderr] 
[INFO] [stderr] To learn more, run the command again with --verbose.
[INFO] [stderr] warning: build failed, waiting for other jobs to finish...
[INFO] [stdout] error[E0308]: mismatched types
[INFO] [stdout]  --> src/teams.rs:9:22
[INFO] [stdout]   |
[INFO] [stdout] 9 |         theme_color: "0076D7",
[INFO] [stdout]   |                      ^^^^^^^^
[INFO] [stdout]   |                      |
[INFO] [stdout]   |                      expected struct `std::string::String`, found `&str`
[INFO] [stdout]   |                      help: try using a conversion method: `"0076D7".to_string()`
[INFO] [stdout] 
[INFO] [stdout] 
[INFO] [stdout] error[E0308]: mismatched types
[INFO] [stdout]   --> src/teams.rs:10:18
[INFO] [stdout]    |
[INFO] [stdout] 10 |         summary: event,
[INFO] [stdout]    |                  ^^^^^ expected struct `std::string::String`, found struct `k8s_openapi::api::core::v1::Event`
[INFO] [stdout] 
[INFO] [stdout] 
[INFO] [stdout] error[E0063]: missing field `sections` in initializer of `TeamsMessage`
[INFO] [stdout]  --> src/teams.rs:6:5
[INFO] [stdout]   |
[INFO] [stdout] 6 |     TeamsMessage {
[INFO] [stdout]   |     ^^^^^^^^^^^^ missing `sections`
[INFO] [stdout] 
[INFO] [stdout] 
[INFO] [stdout] error[E0599]: no method named `json` found for struct `reqwest::Client` in the current scope
[INFO] [stdout]   --> src/teams.rs:16:30
[INFO] [stdout]    |
[INFO] [stdout] 16 |     let resp = Client::new().json(&msg).send().await()?.json().await()?;
[INFO] [stdout]    |                              ^^^^ method not found in `reqwest::Client`
[INFO] [stdout] 
[INFO] [stdout] 
[INFO] [stdout] error[E0277]: the `?` operator can only be used in a function that returns `Result` or `Option` (or another type that implements `Try`)
[INFO] [stdout]   --> src/teams.rs:16:16
[INFO] [stdout]    |
[INFO] [stdout] 14 | / pub fn send_message(url: &str, event: Event) {
[INFO] [stdout] 15 | |     let msg = format_message(event);
[INFO] [stdout] 16 | |     let resp = Client::new().json(&msg).send().await()?.json().await()?;
[INFO] [stdout]    | |                ^^^^^^^^^^^^^^^^^^^^^^^^^^^^^^^^^^^^^^^^ cannot use the `?` operator in a function that returns `()`
[INFO] [stdout] 17 | |     todo!()
[INFO] [stdout] 18 | | }
[INFO] [stdout]    | |_- this function should return `Result` or `Option` to accept `?`
[INFO] [stdout]    |
[INFO] [stdout]    = help: the trait `Try` is not implemented for `()`
[INFO] [stdout]    = note: required by `from_error`
[INFO] [stdout] 
[INFO] [stdout] 
[INFO] [stdout] error[E0277]: the `?` operator can only be used in a function that returns `Result` or `Option` (or another type that implements `Try`)
[INFO] [stdout]   --> src/teams.rs:16:16
[INFO] [stdout]    |
[INFO] [stdout] 14 | / pub fn send_message(url: &str, event: Event) {
[INFO] [stdout] 15 | |     let msg = format_message(event);
[INFO] [stdout] 16 | |     let resp = Client::new().json(&msg).send().await()?.json().await()?;
[INFO] [stdout]    | |                ^^^^^^^^^^^^^^^^^^^^^^^^^^^^^^^^^^^^^^^^^^^^^^^^^^^^^^^^ cannot use the `?` operator in a function that returns `()`
[INFO] [stdout] 17 | |     todo!()
[INFO] [stdout] 18 | | }
[INFO] [stdout]    | |_- this function should return `Result` or `Option` to accept `?`
[INFO] [stdout]    |
[INFO] [stdout]    = help: the trait `Try` is not implemented for `()`
[INFO] [stdout]    = note: required by `from_error`
[INFO] [stdout] 
[INFO] [stdout] 
[INFO] [stdout] error[E0277]: the trait bound `TeamsMessageSection: Serialize` is not satisfied
[INFO] [stdout]   --> src/teams.rs:29:5
[INFO] [stdout]    |
[INFO] [stdout] 29 |     sections: Vec<TeamsMessageSection>,
[INFO] [stdout]    |     ^^^^^^^^^^^^^^^^^^^^^^^^^^^^^^^^^^ the trait `Serialize` is not implemented for `TeamsMessageSection`
[INFO] [stdout]    |
[INFO] [stdout]    = note: required because of the requirements on the impl of `Serialize` for `Vec<TeamsMessageSection>`
[INFO] [stdout]    = note: required by `teams::_::_serde::ser::SerializeStruct::serialize_field`
[INFO] [stdout] 
[INFO] [stdout] 
[INFO] [stdout] error[E0277]: the trait bound `TeamsMessageSection: Deserialize<'_>` is not satisfied
[INFO] [stdout]   --> src/teams.rs:29:5
[INFO] [stdout]    |
[INFO] [stdout] 29 |     sections: Vec<TeamsMessageSection>,
[INFO] [stdout]    |     ^^^^^^^^^^^^^^^^^^^^^^^^^^^^^^^^^^ the trait `Deserialize<'_>` is not implemented for `TeamsMessageSection`
[INFO] [stdout]    |
[INFO] [stdout]    = note: required because of the requirements on the impl of `Deserialize<'_>` for `Vec<TeamsMessageSection>`
[INFO] [stdout]    = note: required by `next_element`
[INFO] [stdout] 
[INFO] [stdout] 
[INFO] [stdout] error[E0277]: the trait bound `TeamsMessageSection: Deserialize<'_>` is not satisfied
[INFO] [stdout]   --> src/teams.rs:29:5
[INFO] [stdout]    |
[INFO] [stdout] 29 |     sections: Vec<TeamsMessageSection>,
[INFO] [stdout]    |     ^^^^^^^^^^^^^^^^^^^^^^^^^^^^^^^^^^ the trait `Deserialize<'_>` is not implemented for `TeamsMessageSection`
[INFO] [stdout]    |
[INFO] [stdout]    = note: required because of the requirements on the impl of `Deserialize<'_>` for `Vec<TeamsMessageSection>`
[INFO] [stdout]    = note: required by `next_value`
[INFO] [stdout] 
[INFO] [stdout] 
[INFO] [stdout] error: aborting due to 21 previous errors
[INFO] [stdout] 
[INFO] [stdout] 
[INFO] [stdout] Some errors have detailed explanations: E0063, E0277, E0308, E0425, E0599, E0728.
[INFO] [stdout] 
[INFO] [stdout] For more information about an error, try `rustc --explain E0063`.
[INFO] [stdout] 
[INFO] [stderr] error: build failed
[INFO] running `Command { std: "docker" "inspect" "c340a79f72ede13f4fdc28af4257923f90051f64a8de6e7fc37d75928423fec3", kill_on_drop: false }`
[INFO] running `Command { std: "docker" "rm" "-f" "c340a79f72ede13f4fdc28af4257923f90051f64a8de6e7fc37d75928423fec3", kill_on_drop: false }`
[INFO] [stdout] c340a79f72ede13f4fdc28af4257923f90051f64a8de6e7fc37d75928423fec3
